
What is the remainder when 152 is divided by 15?
2
Calculate the remainder when 7010 is divided by 39.
29
What is the remainder when 19887 is divided by 170?
167
Calculate the remainder when 28 is divided by 9.
1
Calculate the remainder when 6801 is divided by 21.
18
What is the remainder when 1073 is divided by 262?
25
What is the remainder when 2132 is divided by 308?
284
What is the remainder when 167 is divided by 21?
20
What is the remainder when 49 is divided by 17?
15
What is the remainder when 2654 is divided by 190?
184
Calculate the remainder when 147 is divided by 23.
9
Calculate the remainder when 1478 is divided by 148.
146
Calculate the remainder when 285 is divided by 44.
21
What is the remainder when 95 is divided by 14?
11
What is the remainder when 367 is divided by 132?
103
Calculate the remainder when 327 is divided by 30.
27
What is the remainder when 89 is divided by 46?
43
What is the remainder when 202 is divided by 20?
2
What is the remainder when 328 is divided by 22?
20
What is the remainder when 86 is divided by 13?
8
What is the remainder when 404 is divided by 51?
47
What is the remainder when 464 is divided by 13?
9
Calculate the remainder when 709 is divided by 79.
77
What is the remainder when 328 is divided by 37?
32
What is the remainder when 397 is divided by 390?
7
Calculate the remainder when 2131 is divided by 521.
47
Calculate the remainder when 2241 is divided by 187.
184
What is the remainder when 744 is divided by 248?
0
What is the remainder when 24 is divided by 9?
6
Calculate the remainder when 1332 is divided by 484.
364
Calculate the remainder when 2193 is divided by 169.
165
Calculate the remainder when 108 is divided by 39.
30
What is the remainder when 80 is divided by 22?
14
What is the remainder when 1037 is divided by 80?
77
What is the remainder when 14 is divided by 3?
2
What is the remainder when 9320 is divided by 207?
5
Calculate the remainder when 120 is divided by 33.
21
Calculate the remainder when 226 is divided by 192.
34
Calculate the remainder when 245 is divided by 47.
10
What is the remainder when 74 is divided by 25?
24
Calculate the remainder when 5387 is divided by 25.
12
Calculate the remainder when 284 is divided by 151.
133
What is the remainder when 109 is divided by 37?
35
What is the remainder when 364 is divided by 32?
12
What is the remainder when 248 is divided by 9?
5
Calculate the remainder when 176 is divided by 14.
8
Calculate the remainder when 4552 is divided by 11.
9
Calculate the remainder when 1737 is divided by 36.
9
What is the remainder when 113 is divided by 25?
13
Calculate the remainder when 117 is divided by 3.
0
What is the remainder when 2495 is divided by 17?
13
Calculate the remainder when 4540 is divided by 239.
238
Calculate the remainder when 96 is divided by 37.
22
Calculate the remainder when 15629 is divided by 77.
75
What is the remainder when 5627 is divided by 42?
41
What is the remainder when 235 is divided by 10?
5
Calculate the remainder when 395 is divided by 16.
11
What is the remainder when 13 is divided by 5?
3
Calculate the remainder when 48 is divided by 17.
14
Calculate the remainder when 1899 is divided by 100.
99
Calculate the remainder when 4320 is divided by 166.
4
What is the remainder when 178 is divided by 57?
7
What is the remainder when 238 is divided by 80?
78
Calculate the remainder when 1588 is divided by 87.
22
Calculate the remainder when 255 is divided by 86.
83
What is the remainder when 251 is divided by 127?
124
What is the remainder when 26 is divided by 17?
9
Calculate the remainder when 2723 is divided by 27.
23
Calculate the remainder when 1578 is divided by 7.
3
Calculate the remainder when 120 is divided by 31.
27
Calculate the remainder when 1413 is divided by 24.
21
Calculate the remainder when 1153 is divided by 201.
148
Calculate the remainder when 280 is divided by 45.
10
What is the remainder when 13007 is divided by 24?
23
Calculate the remainder when 17481 is divided by 62.
59
What is the remainder when 142 is divided by 38?
28
Calculate the remainder when 1543 is divided by 15.
13
Calculate the remainder when 258 is divided by 63.
6
What is the remainder when 36 is divided by 26?
10
What is the remainder when 83 is divided by 21?
20
What is the remainder when 627 is divided by 35?
32
What is the remainder when 2870 is divided by 31?
18
What is the remainder when 101 is divided by 99?
2
Calculate the remainder when 133 is divided by 51.
31
Calculate the remainder when 620 is divided by 159.
143
Calculate the remainder when 233 is divided by 8.
1
Calculate the remainder when 345 is divided by 231.
114
Calculate the remainder when 140 is divided by 24.
20
What is the remainder when 587 is divided by 5?
2
What is the remainder when 58 is divided by 15?
13
What is the remainder when 908 is divided by 16?
12
What is the remainder when 421 is divided by 86?
77
Calculate the remainder when 1324 is divided by 7.
1
Calculate the remainder when 887 is divided by 112.
103
What is the remainder when 913 is divided by 18?
13
Calculate the remainder when 2044 is divided by 128.
124
What is the remainder when 697 is divided by 14?
11
What is the remainder when 717 is divided by 402?
315
What is the remainder when 92 is divided by 5?
2
What is the remainder when 9207 is divided by 61?
57
Calculate the remainder when 5957 is divided by 47.
35
What is the remainder when 27 is divided by 12?
3
What is the remainder when 178 is divided by 110?
68
What is the remainder when 324 is divided by 83?
75
What is the remainder when 1172 is divided by 14?
10
What is the remainder when 8651 is divided by 84?
83
What is the remainder when 9966 is divided by 112?
110
Calculate the remainder when 186 is divided by 27.
24
What is the remainder when 36 is divided by 3?
0
Calculate the remainder when 5662 is divided by 177.
175
What is the remainder when 248 is divided by 12?
8
What is the remainder when 680 is divided by 18?
14
Calculate the remainder when 1982 is divided by 282.
8
What is the remainder when 69 is divided by 15?
9
What is the remainder when 116 is divided by 56?
4
What is the remainder when 1278 is divided by 12?
6
What is the remainder when 11307 is divided by 78?
75
Calculate the remainder when 79 is divided by 46.
33
Calculate the remainder when 139 is divided by 32.
11
Calculate the remainder when 237 is divided by 30.
27
What is the remainder when 4273 is divided by 45?
43
Calculate the remainder when 41 is divided by 13.
2
Calculate the remainder when 121 is divided by 34.
19
Calculate the remainder when 359 is divided by 14.
9
What is the remainder when 2736 is divided by 171?
0
What is the remainder when 4171 is divided by 1378?
37
Calculate the remainder when 995 is divided by 2.
1
What is the remainder when 846 is divided by 24?
6
Calculate the remainder when 79 is divided by 28.
23
Calculate the remainder when 1448 is divided by 58.
56
What is the remainder when 14 is divided by 10?
4
Calculate the remainder when 11018 is divided by 38.
36
Calculate the remainder when 24166 is divided by 143.
142
Calculate the remainder when 762 is divided by 19.
2
Calculate the remainder when 455 is divided by 93.
83
What is the remainder when 461 is divided by 18?
11
What is the remainder when 18835 is divided by 15?
10
What is the remainder when 294 is divided by 38?
28
Calculate the remainder when 407 is divided by 106.
89
Calculate the remainder when 798 is divided by 166.
134
Calculate the remainder when 98 is divided by 24.
2
Calculate the remainder when 268 is divided by 54.
52
What is the remainder when 169 is divided by 9?
7
Calculate the remainder when 192 is divided by 67.
58
Calculate the remainder when 249 is divided by 125.
124
Calculate the remainder when 117 is divided by 11.
7
Calculate the remainder when 34 is divided by 6.
4
Calculate the remainder when 955 is divided by 87.
85
Calculate the remainder when 570 is divided by 98.
80
Calculate the remainder when 896 is divided by 75.
71
What is the remainder when 2053 is divided by 4?
1
Calculate the remainder when 740 is divided by 96.
68
Calculate the remainder when 23 is divided by 2.
1
What is the remainder when 178 is divided by 6?
4
What is